 = 0. Let i be (-72)/(-42)*98/x. What is the highest common divisor of i and 154?
14
Suppose -797 - 19 = 4*a. Let c(w) = w**3 + 7*w**2 + 7*w + 7. Let n be c(-7). Let y = n - a. What is the highest common divisor of 18 and y?
18
Let h be 1 + (-2170)/(-6) + 96/72. Let x = h - 345. Let g(j) = j**3 + 11*j**2 + 3*j + 3. Let l be g(-8). Calculate the highest common divisor of l and x.
19
Let v = 779 - 499. Let u(m) = -50*m + 708. Let d be u(14). What is the highest common divisor of d and v?
8
Let g(m) = 22*m + 344. Let j(o) = 22*o + 343. Let k(h) = 4*g(h) - 5*j(h). Let t be k(-17). Calculate the highest common factor of t and 25.
5
Let o be -102*((-5)/2 + 2). Let d(g) = 30*g**2 + 6*g + 3. Let m be d(-3). What is the greatest common divisor of m and o?
51
Let s be -1*-12*(-2 + 4). Suppose 6*b - 209 = -5*v, 2*v + 180 = 5*b + 5*v. Let i = b - s. Calculate the highest common factor of 105 and i.
15
Let q(i) = -2*i**3 + 48*i**2 + 24*i - 510. Let f be q(24). What is the highest common factor of 1254 and f?
66
Let r = 42441 + -42409. What is the highest common divisor of r and 548?
4
Let q(m) = 76*m - 55. Let k be q(0). Suppose -h = 2*h + x + 486, -5*h - 4*x = 803. Let i = k - h. What is the highest common divisor of 24 and i?
12
Let l = -19769 + 28115. What is the greatest common divisor of 130 and l?
26
Suppose 9 = -0*t + 3*t - b, 5*b + 15 = 5*t. Suppose -6 = t*g + 3, 5*g = -5*f + 3165. What is the greatest common factor of f and 12?
12
Let m = 292 - 108. Let d(y) = -25 + 25 + 21 + 18 - y. Let r be d(16). What is the greatest common factor of r and m?
23
Suppose 3*l = 5*z - 5944, 2*l = -2*z - 984 + 3368. Calculate the greatest common factor of 50 and z.
10
Suppose 16*q = 11*q. Suppose 0 = f + 5*z - 6, q = f - 4*z - 42 - 9. Calculate the highest common factor of 1 and f.
1
Suppose 8*d = 27*d + 69*d - 76736. Calculate the greatest common factor of d and 40.
8
Suppose 0 = 11*o - 12*o + 2. Suppose 1112*q + 402 = 1114*q. Let t = 227 - q. Calculate the greatest common divisor of t and o.
2
Let p = -4921 + 5289. Calculate the greatest common factor of p and 6.
2
Let b(v) = 68*v**3 - 5*v**2 + 8*v - 7. Let a be b(3). What is the greatest common divisor of a and 128?
16
Let h(f) = -f**2 + 38*f - 301. Let x be h(25). Calculate the greatest common factor of 1476 and x.
12
Suppose 278*x + 105 = 280*x + 3*n, -5*x + n + 271 = 0. Calculate the highest common divisor of 105 and x.
3
Let g = -415 + 844. Let d = 17282 + -17243. What is the highest common divisor of d and g?
39
Let s(w) = 14*w + 75. Let r be (-34)/16 - (-2)/16. Let v be s(r). Calculate the highest common factor of v and 141.
47
Let s be 38 + 1 + -2 + -1. Let u(g) = 6*g**2 - 435*g - 210. Let y be u(73). Calculate the greatest common factor of s and y.
9
Suppose -3*d - u - 4*u = -1642, 0 = 3*d + 4*u - 1637. Let p = -350 + d. Calculate the greatest common factor of 14 and p.
7
Suppose 2*i + 3 - 11 = 3*a, 5*i + 4*a - 43 = 0. What is the greatest common factor of i and 9107?
7
Let m = 127 + -122. Suppose 0 = -5*r - 5*s - 5 + 25, -m*r + 32 = 2*s. Calculate the greatest common factor of r and 392.
8
Suppose -2*s - 17 = -47. Suppose 2*o = 95 + s. Suppose -6*q - o = -11*q. Calculate the highest common factor of q and 88.
11
Let q = 43 + -36. Let k be 2 + (3 - q) + 3. Suppose -5*g - 4*r = -38, r + k = 3. Calculate the highest common divisor of 60 and g.
6
Suppose -3*s = -3*h - s + 865, h - 5*s - 297 = 0. Let x be (22/7)/(41/h). What is the highest common divisor of 11 and x?
11
Let i = -210 + 314. Let y(s) = 854*s + 29898. Let o be y(-35). What is the highest common factor of i and o?
8
Suppose -3*c = c. Suppose -2*y + c*y = 0, 0 = -g + 3*y + 98. Suppose -310*p + 14 = -309*p. Calculate the greatest common divisor of p and g.
14
Let l be 10125/250 - (-13)/(-2). What is the greatest common divisor of l and 34?
34
Let d = 85 + -262. Let m = d + 209. Calculate the highest common divisor of m and 24.
8
Suppose -42*m + 39*m + 3*a + 12 = 0, 4*m - 15 = 5*a. Let j(s) = 4 + 2*s**2 - 6*s - 8 - 6. Let y be j(m). Calculate the greatest common divisor of 80 and y.
10
Let h(z) = z**3 - 44*z**2 - 6*z - 151. Let n be h(44). Let v = n + 461. Calculate the greatest common divisor of v and 253.
23
Suppose -8 = -q - 2*z - 0*z, -5*q - z + 22 = 0. Let f be -5 + (-1 - -10) + 31. Let n be (f/60 + (-1)/q)*3. Calculate the highest common factor of 11 and n.
1
Suppose 30*u = 14*u + 75936. What is the greatest common factor of u and 113?
113
Suppose 0 = -2*x - 3*m + 16853, -x + 5592 = -m - 2837. Calculate the greatest common divisor of x and 516.
172
Let d be (-8)/10*(-110)/4. Let t be (32/10)/((-10104)/440 - -23). What is the greatest common factor of d and t?
22
Let f be 426/(-4)*(1176/(-72) + 11). What is the greatest common factor of 12 and f?
4
Let q = 12076 + -11929. What is the greatest common factor of q and 2247?
21
Suppose 2*h = p - 4705, -100*p - 47225 = -110*p - 5*h. What is the greatest common factor of 78 and p?
39
Suppose -29*z = -19*z + 100. Let k be (-6)/4*z*1/5. What is the greatest common factor of k and 8?
1
Suppose x - 3*c - 254 = 0, 2*x - 5*c = 4*x - 497. Suppose -256*f = -x*f - 760. What is the highest common divisor of 8 and f?
8
Let p = -5574 + 5944. Calculate the greatest common divisor of p and 148.
74
Suppose 5*a - 91094 = -4*c, 4*c - 27*a + 22*a = 91154. Calculate the greatest common divisor of c and 209.
209
Suppose -4750 = -8*o - 2078. Calculate the highest common factor of 2 and o.
2
Suppose 631 - 2071 = -5*s. Let g be (-720)/(-75)*2205/196. Calculate the highest common divisor of g and s.
36
Suppose 1 - 3 = 2*k. Let h(a) = 3*a + 11*a**2 + 16*a**2 + 3 + 4*a - 5*a. Let n be h(k). What is the highest common factor of n and 70?
14
Let f(h) = h**3 + 16*h**2 + 6*h + 32. Let s be f(-12). Let w = 537 - s. What is the greatest common factor of w and 29?
1
Let d = -509 - -605. Let o be ((-12)/(-15))/((-30)/(-16800)). What is the greatest common factor of d and o?
32
Let t(v) = -v**3 - 8*v**2 - 8*v - 7. Let c be t(-7). Suppose c = -5*r + 49 - 19. Suppose -r*o + 5 = -25. Calculate the greatest common divisor of 85 and o.
5
Let h = -32 - -36. Suppose -3*s + 4*b = -3, -3 = h*s - 3*b - 0. Let i be 2 + (s - -1) - -220. What is the greatest common factor of i and 20?
20
Suppose 5*i = 2*i + 3, -4*i + 382 = b. Let p be 27/(1890/5920) - 20/35. Calculate the greatest common factor of b and p.
42
Let x be 1038 + (-235)/(-30) + -8 + (-185)/(-30). What is the greatest common divisor of 144 and x?
36
Let f be 0/2 - -8 - 2. Let o = f + 6. Let c be ((-126)/105)/((-8)/720). What is the greatest common divisor of c and o?
12
Let a(o) = -77*o**3 - 89*o**2 + 28*o - 4. Let s be a(-4). What is the greatest common factor of s and 364?
28
Suppose 5*i = i + 128. Suppose -3017 + 439 = -7*t + 334. What is the highest common divisor of i and t?
32
Let h be (-150)/40*(33 - (-2)/(-2)). Let j be (-135)/(-12)*h/(-25). What is the highest common factor of 36 and j?
18
Let o(a) = 17089*a**3 - 233*a + 232. Let v be o(1). What is the greatest common factor of v and 801?
267
Suppose 4*k - 3*g = -9 + 35, 0 = 5*k + 3*g - 46. Calculate the greatest common factor of 44 and k.
4
Let s = -27 - -41. Let i = -119 - -171. Suppose -1 + 2 = -c, -4*q = 4*c - i. Calculate the greatest common factor of s and q.
14
Let c = -42 - -44. Suppose 25 = -5*t, 2*b + 3*t = -c*t - 13. Suppose 11*h = b*h + 1200. Calculate the greatest common divisor of h and 30.
30
Let p = -48423 + 68403. Calculate the highest common factor of p and 54.
54
Let z = 79 + -17. Let q = z - 66. Let u be (2260/8)/5 - (-2)/q. Calculate the greatest common factor of u and 14.
14
Let s(z) = 2*z**2 + 57*z + 385. Let h be s(0). Calculate the highest common factor of h and 70.
35
Let g(s) = s**3 - 6*s**2 + s + 10. Let f be g(0). Let j = 106 - 7. Suppose 3*x = j + 51. What is the greatest common factor of f and x?
10
Let m = -462 + 283. Let n = 210 + m. Let w = 67 - -57. Calculate the greatest common factor of w and n.
31
Let u be 1/9 - ((-21824)/495 - 1/(-5)). What is the greatest common factor of 8404 and u?
44
Let y(k) = -k**3 + 4*k**2 + 42*k + 6. Let f be y(7). Calculate the greatest common divisor of 54 and f.
9
Let w = 66 + -61. Let b(a) = 8*a - 26. Let q be b(w). Calculate the highest common divisor of